
What is the value of (-41 - -6) + (-13 - (-7 + -23))?
-18
What is 2 + -23 - (-497 - -422)?
54
-13 + -10 + 12 - (-135 + 18 + -27)
133
(-134 - -95) + 4 + (3 - 8 - -2)
-38
15 - ((29 + -30 - 9) + 26)
-1
What is -168 - -35 - -27 - -90?
-16
Calculate (5 - (3 - (-6 - -6) - 5)) + -4.
3
Calculate (-286 - -454) + -3 + -99.
66
(18 - 41) + (-10 - -14) + (10 - 5)
-14
What is 25 + (-12 - (10 + -21))?
24
Evaluate 181 - 150 - (3 - -29).
-1
-44 - -43 - -22 - (0 - (21 - 5))
37
What is the value of 4 + 18 - 15 - (3 - (-3 + -5 + 63))?
59
What is -105 - (1 + 1 + (-1803 - -1830))?
-134
What is (-23 - -14 - -14) + (-54 + -7 + -3 - -3)?
-56
Evaluate -1 + 25 + (-1568 - -1528).
-16
Evaluate 108 - (107 - 51) - 58.
-6
-11 - (-61 - -25) - (-9 - -9)
25
What is 12 - (5 - (-55 + 28))?
-20
-1 + 54 + -2370 + 2322
5
(-37 + 33 + -15 - (-5 - -12)) + -5 + 4
-27
What is -12 - (9 + -46 + 53 - -20)?
-48
(-2 - (-124 - -109)) + -5 + (-1 - (-2 + 3))
6
-167 - -44 - -56 - (-1 + -10 + 0)
-56
Evaluate (12 - 1 - (-20 + (22 - 0))) + (-67 - -2).
-56
(-149 + 40 - (2 - -6) - (-6 + 1)) + -14
-126
What is the value of 7 + -94 + -27 + 27?
-87
Calculate 190 - (95 - (12 + -41)).
66
Calculate -101 + (68 - (-59 - -31)).
-5
What is 22 + (-25 + -19 - -56)?
34
2 - -3 - (146 + -152) - 50
-39
27 - (3 - 13 - (18 + -20))
35
What is (-3 - -64) + -1638 + 1553?
-24
What is the value of 1 - -21 - (-52 + 55) - 18?
1
Calculate 2730 - 2837 - (-58 - 1).
-48
Calculate -118 + 27 + 52 - 8.
-47
Evaluate -47 - (-54 + 38 - -9).
-40
What is the value of -11 + (96 + -3 + -182 + 167 - (-1 - -11))?
57
What is the value of -40 + 0 + 3 - ((-14 - 37) + 44) - -14?
-16
What is -24 + -3 + (37 - 35) + -29?
-54
-53 + 6 - (-15 + (-22 - -20) + 7)
-37
What is the value of -6 - 8 - (17 - (13 - (18 - 12)))?
-24
-4681 - -4815 - (-2 - -29)
107
Calculate (-10 - 0) + (-8 - ((-11 - 1) + (80 - 65))).
-21
What is 15 + 0 - (-26 - -61) - (43 - 33)?
-30
27 + -4 + -18 + 21 + 10 + -3
33
Calculate (-84 - -14 - -18) + 8 + -4.
-48
What is 3 - 14 - (-22 + 17) - 5?
-11
Calculate -3 + (14 - 46) + -10.
-45
What is -49 - (7 - (52 - 26))?
-30
What is the value of -43 + 1 + -4 + -13 + -16 + 12?
-63
Evaluate 345 - 380 - (-1 + -1 + 4).
-37
What is (59 - -16) + -8 + 4 + 10 + -17?
64
What is the value of 3 - (67 + -78 - (2 + -19))?
-3
Calculate -10 - -12 - (-24 - (23 - 30)).
19
Evaluate (43 - (4 - -11)) + -56 - (-4 + 10).
-34
What is the value of -23 - (-20 - -42) - -88?
43
Evaluate 49 + 1 - (-5 - (-54 - -75)).
76
Evaluate (-4 - -12) + (-8 - 8) + 7 + -8 - 12.
-21
Evaluate (-35 + 38 - (8 + -16 + 26)) + -1.
-16
Evaluate 48 + (-39 - 17) + -13 + -3 + 6.
-18
What is the value of (-1 - (-29 + 31) - (23 - 1)) + -3?
-28
What is the value of -2 + -3 - 0 - (-26 + 58 - 47 - 58)?
68
Calculate (-1 - -17) + (-49 - -37) + (37 - -3 - 1).
43
Evaluate (2 - (8 + -6)) + (-2 - -51) + 9 + -8.
50
-23 + (-1 - -5 - ((-10 - 2) + 6 + 2))
-15
What is -4 + (-38 - (1 + -23)) + 122 - (-9 - 3)?
114
Evaluate (-43 - (-22 + -12) - 10) + 8.
-11
Calculate (-1 - 48 - -71) + -23.
-1
-74 - -53 - (-6 - (5 + 20))
10
Calculate -7 + -82 - (-765 + 725).
-49
-2 + -3 - (-71 + (22 - (-5 + (-18 - -63))))
84
What is the value of (-2 - -5) + 109 + -112 - (-2 - 48 - -2)?
48
What is -128 + 0 - (-12565 + 12423)?
14
What is the value of -5 + 4 + -24 + 3 + 16 + 18?
12
What is -6 - ((12 - (-12 + 28)) + (1 - 2))?
-1
109 - -2 - (168 + (202 - 333))
74
What is the value of -70 + (78 - -5 - -22)?
35
-122 - -101 - (-4 + 14 + -1)
-30
Calculate -2 - 0 - 17 - (11971 + -12066).
76
What is the value of (1 - 2 - -31) + 1 - (41364 - 41373)?
40
Evaluate (43 - (10 + -8 + 0 - -9)) + 6.
38
Calculate 23 - -2 - (-28 - (-19 - (10 + -10))).
34
Calculate (3 - (-3 + 3 - (-10 + 5))) + -65 + 1.
-66
What is -5565 + 5608 - (3 - 73)?
113
-19 + -4 - (-1022 + 976)
23
What is the value of (70 - 96) + 61 - 15?
20
-54 - (-31 - 87) - 56
8
0 + (15 - 2) + -2 + 171 + (-335 - -92)
-61
Calculate -25 - ((20 - -2) + -4 + 0 - 1).
-42
What is the value of (1 - -11) + (-10 + 1 - -11 - 13)?
1
21 - (-317 - -295 - (1 - 16))
28
Evaluate -29 + 30 + (-48 - -25).
-22
-31 - (-4 - (-18 + (2 - 5 - -3)))
-45
Calculate (5 - 0 - 2) + -1 + 0 + (176 - 157).
21
What is the value of 962 + -890 + (-39 - 0)?
33
-139 + 93 - (3 - 8 - (-4 - -11))
-34
Calculate 68 + (-46 - 0) - -4.
26
(1 - 7) + 8 - (-123 + 185)
-60
Evaluate 173 + -161 - ((-29 - 5) + 1).
45
Evaluate (1 - 19) + (102 - 76) + (-9 - -2).
1
What is -35 - (-26 + 63 + -104)?
32
What is the value of 5 + (-6 - 6) + -51 + -16 + 47 + -27?
-54
-18 + 0 - ((0 - -6) + 39 + 18)
-81
(84 + -72 - 5) + (-4 - 45)
-42
What is (192 + -204 - -80) + -1 + -15?
52
What is the value of (-1 - -23) + (44 - -2 - 61)?
7
Calculate 11 - (1 + 88 + (-10 - (10 + -5)) + 20).
-83
What is the value of 121 + 26 + -28 + -76 + 94?
137
What is (41 - (13 + 26)) + (15 - -1)?
18
What is the value of (15 - -25) + -39 - (-10 + (8 - (8 - 3)))?
8
Evaluate 21 + (-43 - 89) + 49.
-62
What is the value of 9 + -18 + 21 + 7 + -7 + 7?
19
Calculate 14 - (1 - -4 - (849 - 872)).
-14
Evaluate (17 - -1 - -25) + -1 + 5 + -1.
46
Calculate -9 + (-91 - (-7 + 3)) + -1 - (-19 - -21).
-99
What is the value of (-11 - (-31 + -4 + -9 + 17)) + -5?
11
What is the value of 20 - -1 - (120 + -165 - -49)?
17
What is the value of 61 + (-21 - 12 - (-22 - 5)) + 0 + 16?
71
Calculate -75 - (74 + -69) - -58.
-22
What is the value of -37 - (2 - (-6 + (18 - (7 - -8))))?
-42
What is the value of (11 + -22 - -8) + 30 - 49?
-22
What is -1 + 2 + -47 + (-453 - -377)?
-122
Evaluate -32 + 2 - (461 + -441).
-50
-3703 - -3915 - (148 + 0)
64
What is -1380 + 1362 - (-4 - 95)?
81
17 - ((2 - 20) + 98 + -85)
22
Calculate -20 - (-9 + 14 + 8 + -13) - 0.
-20
-99 + (260 - (154 + -71))
78
-66 + 42 + -14 + 1
-37
Evaluate (27 - -5 - (160 - 92)) + -4.
-40
What is the value of 6 + 4 + (29 - 46) - (-5 + 3 + -52)?
47
Evaluate 818 + -847 - (1 + 30 + 7).
-67
(-3 - (7 - 7)) + 70 - ((-3 - 30) + 31)
69
Calculate -22 - -109 - 19 - 16 - -10.
62
What is the value of 47 - (6 + -14 - (-49 + 33))?
39
Calculate -13 + (10 - (10 - (-8 - 0)) - -93).
72
What is the value of -17 + 59 + 2 + (-30 - (-90 - -39))?
65
11 + 4 + 1 + -3 - (-20 - (29 + -70))
-8
Calculate -56 + 44 + -20 + -11.
-43
-19 + -12 - -28 - -22
19
0 + -3 + (-22 - -49) + -32 + -39
-47
What is (13 - 1 - (418 + -396)) + -3 + -16?
-29
What is the value of 44 + (22 - 20) + -6 + -15?
25
Calculate (-26 - (24 - 56)) + 25 - 128.
-97
Calculate -15 + (-24 - ((6 - 2) + 36 + -46)).
-33
Evaluate 7 - 2 - (146 + -179).
38
Calculate (19 - 101 - -17 - -24) + -25.
-66
What is the value of 47 + (55 - 67 - 72)?
-37
What is 100 + 0 - (11323 - 11151)?
-72
Calculate 1 + 4 + -8 - (0 + 22 + (622 - 690)).
43
Calculate 8 + 27 - (26 - 33) - 37.
5
What is -18 + 69 - (36 - 21)?
36
Calculate 15 - (60 - 58 - 21 - (2 - 3)).
33
What is the value of (-74 - (-3 + -4)) + (14 - 15)?
-68
Evaluate (16 - (3 + 11 + -2)) + 4 + -71.
-63
Evaluate 3 + 3 + (39 - 32) + (-79 - 4).
-70
What is -176 - -79 - -231 - 91?
43
Calculate -39 - -3 - ((43 - 143) + 63).
1
What is 5 + -4 - -9 - (6 + 14 + -9)?
-1
10 - (9 + (-43 - (15 + 14 + (5 - 26))))
52
What is the value of -97 + 46 - (-2 + 0 + -1 - -3)?
-51
Calculate -32 + -16 - (-37 + -40 + -11).
40
Calculate -38 - (-40 - (-125 - -19)).
-104
What is the value of -5 - (0 + 40 - (8 + (-16 - (-24 + 11))))?
-40
What is (8 - 0) + -364 + 416 + -2 + 37?
95
Evaluate -4 - (0 - (-31 - -39)).
4
What is 18 + (-5 - 1) + 64 + -83?
-7
What is (0 - (-34 + 16)) + -21 + -3 + -46?
-52
Calculate 82 - (18 + -10) - (6 - (1 - -8 - 4)).
73
Calculate -308 - (90 + -307) - (-1 - 13).
-77
-38 + (7 - (-15 - -36) - -17)
-35
Calculate 6 + 41 + (14 - 133).
-72
What is (0 + 1 - (-34 - (-1 - 2 - -12))) + 7?
51
Evaluate 1 + -20 + (409 - 402) - (11 + 1).
-24
(-1 - (18 + -26 + 12)) + -4 + 74
65
Calculate -119 + -80 - -88 - -195.
84
What is the value of -37 + 11 + -50 - (-14 + -2)?
-60
Evaluate -26 + (-17 - (23 + 24 + -35)).
-55
What is ((-1 - 9) + 17 - -11) + 9?
27
Calculate 13 - ((-32 + 23 + -12 - -19) + (2 - 0)).
13
What is -12 + -8 + (-19 - (0 + -25))?
-14
7 + (33 - ((-15 - -1 - -36) + -3))
21
Calculate (35 - 67) + -79 - -52.
-59
(-80 - -63) + -81 - -40
-58
Calculate -130 - -78 - (-22 + -45).
15
Calculate 18 + 0 + -38 + 69 + 9.
58
What is (57 - 11) + -103 + 31?
-26
Evaluate 35 + (1 - -12) + (-20 - 14).
14
Calculate -1 